- 6 = 2*k. Is (-2 + 3)/(k/97) prime?
True
Suppose -g + 4*g - 3*c = -6, 24 = 2*g + 5*c. Suppose -12 - 28 = -5*b. Suppose 0 = -2*s + b, -4*h + h = g*s - 26. Is h prime?
False
Suppose 0 = -3*y + 4*y - 91. Is y composite?
True
Let z(h) = 3*h**2 - 4*h - 1. Let w be z(3). Let d be (-4)/(-6) + 85/(-15). Is (-1 - d)*w/4 prime?
False
Suppose 0 = 2*w + 3*w + 150. Let s = w + 53. Is s prime?
True
Suppose 4*g + 6 = 18. Suppose g*u = 8*u. Suppose -z - 4*w + 1 = -2, -3*w - 12 = u. Is z composite?
False
Let w(a) = a**2 + 2*a - 3. Let i be w(-3). Suppose -2*v + 3*t + 55 + 39 = i, -4*t = -4*v + 196. Is v composite?
False
Let j = 281 + -136. Is j a composite number?
True
Suppose 5*z - 8 = 3*z. Suppose -z*n + n - 4*i + 13 = 0, -4 = -i. Is 56 + (2/n - -4) a prime number?
False
Is (-8)/16 + 1263/2 composite?
False
Let d = -534 + 756. Let f be d/(-9)*-1*3. Suppose 3*x - f = 1. Is x a composite number?
True
Suppose -3*o + 5 = -4. Suppose 0 = o*v - 5*v. Suppose v = -7*x + 2*x + 10. Is x prime?
True
Suppose 0 = -9*j + 5*j + 5108. Is j prime?
True
Suppose -2*o + 901 + 157 = 0. Suppose 809 = 6*t - o. Is t a composite number?
False
Let y(u) = -102*u**3 + u**2 + u + 5. Let x(w) = w**3 - 1. Let v(l) = -6*x(l) - y(l). Suppose 3*s - 4*p = 7, 5*s - 4*s - 4*p = 5. Is v(s) a prime number?
False
Let o = 16 + -11. Suppose -2*l = -d - 31, -2*l + 1 = o*d - 0. Is l a composite number?
False
Suppose 2*k = k + 143. Suppose -6*f + 3*f - h + k = 0, 3*f = 3*h + 159. Is f prime?
False
Suppose 2*x = -d + 947, -4*d - 2*x = -d - 2841. Is d a composite number?
False
Let b = 73 - 49. Let c = b + 2. Is c a prime number?
False
Let z = -14 - -13. Is (z - -3)/((-4)/(-46)) composite?
False
Let h = -6 + 2. Let b(l) = -l**3 - 3*l - 2. Is b(h) prime?
False
Suppose -3*f + 6 = -9. Suppose -f*t - 5*c + c + 169 = 0, 3*t + c = 100. Is t composite?
True
Let u = -455 - -892. Is u a composite number?
True
Suppose 17*a = 22*a + 210. Suppose -3*k = -4*f - 0*f + 1072, 0 = -f - 4*k + 249. Let b = f + a. Is b prime?
True
Let h = 8 + -6. Suppose -h*s = -6*s + 5*q + 12, 4*s - 40 = -2*q. Suppose j - s = 15. Is j composite?
False
Let o = 1802 - -5103. Is o a prime number?
False
Let r be (2/(-3))/((-4)/2118). Suppose -5*y + 242 + r = 0. Is y a composite number?
True
Let s be 553/2*(0 + 2). Suppose 0 = 2*y + 6*v - v - 547, v = 2*y - s. Suppose p + 3*p = y. Is p prime?
False
Let v(k) = k**3 + 2*k**2 - 4*k - 4. Let t be v(-3). Let f be 8 - 6 - t*142. Suppose 4*i - 76 = f. Is i a composite number?
True
Is (4 - 1) + -8 + 4246 composite?
False
Let o(r) = -5 + 5*r + 2*r + 13 - 2*r - r**2. Is o(6) a prime number?
True
Let j(g) = -10*g - 2. Let r(p) = 5*p**3 + p. Let n be r(-1). Let q be j(n). Let y = -21 + q. Is y a composite number?
False
Let i(c) = 5*c - 5. Is i(4) a prime number?
False
Let n(h) be the second derivative of -h**4/12 - 7*h**3/6 + 7*h**2/2 - 4*h. Is n(-6) prime?
True
Let m(j) = j**3 + 14*j**2 + 17*j + 13. Is m(-12) a composite number?
False
Let f(q) = -71*q + 2. Let m(h) = -35*h + 1. Let c(x) = 3*f(x) - 5*m(x). Suppose 0 = -5*z + 2*p - 6*p - 6, 4*p = 2*z + 8. Is c(z) a composite number?
True
Let i(u) = -u**2 - 3 + 9*u**2 + 1 + 1 + u. Is i(3) prime?
False
Let a(c) = -c**3 + 3*c**2 + 2*c + 3. Let t be a(-6). Let d = t + -162. Let m = 274 - d. Is m a composite number?
True
Suppose -3*o + 790 = -z, -4*o + 1051 = z - 0*z. Is o a composite number?
False
Suppose j - 2*u + 0*u - 10 = 0, 0 = 4*j + u + 5. Suppose 4*b = -j*b. Is b - (-1 - 31 - -1) a composite number?
False
Let m(t) = -t**2 - 3*t + 4. Suppose 12 = -0*l - 3*l. Let u be m(l). Suppose u = -n + 13 + 20. Is n prime?
False
Suppose l - 7624 = -7*l. Is l composite?
False
Let q(m) = -20*m + 1. Is q(-1) prime?
False
Suppose 6*z - 875 = z. Suppose n - 6*n + 2*w = -823, 3*w = n - z. Is n prime?
True
Is (-39)/2*696/(-36) composite?
True
Let g = 421 - 119. Is g composite?
True
Is ((-3)/9)/((-2)/78) a composite number?
False
Let j(r) = 33*r**3 - r**2 + r. Let n = -6 - -7. Is j(n) composite?
True
Let r(j) = j**3 + 10*j**2 + 6*j - 22. Let o(m) = 2*m**3 + 19*m**2 + 12*m - 44. Let d(q) = -6*o(q) + 13*r(q). Is d(-15) a composite number?
False
Let g = 1955 - 1042. Is g prime?
False
Is 2/(-7)*1 - (-19497)/7 a composite number?
True
Let u(g) = 2*g**2 + 3*g**2 - 6*g**2 + 4 - 8*g. Let z(n) = 4*n**2 + 24*n - 12. Let q(r) = -7*u(r) - 2*z(r). Is q(3) a composite number?
False
Let o(u) = u + 7. Let k be o(-4). Suppose n - 8 = -k*r, -5*r = -3*n + 2*n. Suppose n*j - 382 = 3*j. Is j a composite number?
False
Let x(q) = -266*q - 15. Is x(-4) prime?
True
Let k(j) = j**2 + 6*j + 2. Is k(-6) prime?
True
Let q(w) = w**3 + 9*w**2 - 3. Let d be q(-6). Let z = -48 + d. Is z composite?
True
Let b(m) = -m**3 - 5*m**2 + 8*m + 1. Let y be b(-7). Suppose 63 + y = s. Is s composite?
True
Suppose -2*u + 1334 = 3*u + 3*b, 2*b = -3*u + 801. Is u prime?
False
Is (0 - -1)/(15/41685) composite?
True
Let q be (-2)/1 - -1 - 152. Let k(a) = -3*a**2 + 6*a + 2. Let y be k(-8). Let v = q - y. Is v a prime number?
False
Let n = 312 + 17. Is n composite?
True
Is ((-4)/(-3))/2 - (-4718)/6 composite?
False
Let j(s) = -s**2 + 16*s + 4. Is j(11) a composite number?
False
Let q(z) = 3*z**3 + 7*z**2 - 15*z + 5. Is q(6) prime?
False
Let k = 14 + -11. Is 1/(((-6)/(-382))/k) composite?
False
Let r be 1*(0 + 2) + 0. Suppose -r*h - 190 = -4*h. Suppose 0 = -3*w - t + 100, h = w + w - 5*t. Is w a composite number?
True
Let d = 867 + -569. Is d prime?
False
Let g(n) = 50*n - 9. Is g(14) composite?
False
Is (-6304)/(-10) + (54/15 - 3) composite?
False
Let h(y) = -9*y + 7. Is h(-8) composite?
False
Let k = 139 - 262. Let v = -65 - k. Is v composite?
True
Let m(o) be the first derivative of -o**4/2 - 4*o**3/3 - 3*o**2 + 3*o + 7. Is m(-5) a composite number?
True
Suppose -6*o + o = 0. Let t(k) = -14*k + 237. Let h(a) = 5*a - 79. Let c(j) = 11*h(j) + 4*t(j). Is c(o) a composite number?
False
Suppose 0*r = -2*r + 248. Suppose -545 = -3*p + r. Is p a prime number?
True
Let v = 605 - 420. Is v composite?
True
Suppose 0 = 4*p + 7 + 9. Let v(t) = -t**3 + 5*t**2 - 4*t - 3. Is v(p) a composite number?
False
Suppose -5*z + j = -280 - 41, 3*z - 190 = -2*j. Suppose -q + z + 27 = 0. Is q composite?
True
Let u = -214 + 425. Is u prime?
True
Suppose h - 1 + 5 = -j, 3*h = -j - 4. Suppose -4*c = -h*c - 60. Is c prime?
False
Let z(a) = 42*a - 3. Is z(18) a prime number?
False
Suppose -n - 11899 = -2*m + 5082, 4*m = 5*n + 33965. Let j be m/54 + 2/(-9). Let g = 222 - j. Is g a composite number?
True
Suppose -2*j - 3*m - 2*m = -742, 5*j - 4*m = 1855. Is j prime?
False
Let d = -8 - -11. Suppose -d*m + 635 = 2*m. Is m a composite number?
False
Suppose -7*s - 4*o + 7582 = -2*s, 5*s + 2*o - 7576 = 0. Is s a composite number?
True
Let t = -27 - 1. Let h = t + 51. Is h prime?
True
Suppose -5*n + 1671 = -2*g, 5*g - 4*g - 2 = 0. Is n prime?
False
Let i(l) = -3*l**3 - l**2 + 3*l + 4. Suppose 4*w - 2*q - 16 = 0, -w - 2*q + 2 = -3*q. Suppose 4*g + w = 2*g. Is i(g) composite?
False
Suppose 1316 = 5*l - l. Is l composite?
True
Let r be 3/((-2)/(356/(-3))). Suppose -2*n - 4*z + r = 0, -2*n + 4*z + 178 = 3*z. Is n prime?
True
Suppose -25 = 5*u + 10. Let n(v) = -v**3 - 6*v**2 + 7*v. Let q be n(u). Suppose 4*b - 2*b - 38 = q. Is b composite?
False
Let i(r) = -2*r**2 - r - 1. Let t(p) = 2*p**2 + p + 2. Let g(k) = -3*i(k) - 2*t(k). Let h be g(3). Let c = h - 6. Is c a composite number?
True
Suppose -3*v + 5*p + 3 = 14, v + 2*p = 11. Suppose -i = v + 1, 3*i - 381 = -3*g. Suppose 0 = 4*c - g + 31. Is c a composite number?
True
Let d(w) = -127*w. Is d(-1) a prime number?
True
Let n(k) = -k**2 - 2*k + 2. Let c be n(-3). Is 2292/18 + c/3 prime?
True
Suppose x + 2*f = 1, -4*x + 3*x + 4*f = 17. Let v be (-10)/25 + (-12)/x. Is (7/v)/(2/4) composite?
False
Let y = -6 + -6. Is (-1046)/y - (-1)/(-6) a prime number?
False
Suppose m - 5*m = -8, -38 = -5*z - 4*m. Let c be 1/2 + z/4. Suppose -6*p + c*p + 148 = 0. Is p a prime number?
True
Let m(h) = h + 2. Let c be m(2). Suppose -3*x + 2*x + 792 = 2*w, 2*w - 796 = -3*x. Suppose f - w = -c*f. Is f composite?
False
Let y be (-1)/3 - 75/(-9). Let n(i) = i + 7. Let j(r) = 2*r + 18. Let v(m) = -5*j(m) + 12*n(m). Is v(y) composite?
True
Suppose -p + 4 = 0, -5*k - p = -2825 - 1114. Is k composite?
False
Let s(z) = 2*z**2 - 5*z + 3. Let o